{"id":3753,"date":"2019-04-13T15:13:13","date_gmt":"2019-04-13T15:13:13","guid":{"rendered":"http:\/\/justiciayderecho.com.co\/?page_id=3753"},"modified":"2020-01-28T15:59:40","modified_gmt":"2020-01-28T15:59:40","slug":"nosotros","status":"publish","type":"page","link":"https:\/\/justiciayderecho.com.co\/?page_id=3753","title":{"rendered":"NUESTRA EMPRESA"},"content":{"rendered":"<p>[vc_row tlg_padding=\u00bbpb0&#8243;][vc_column width=\u00bb1\/2&#8243;]<div class=\"headings-title\"><div class=\"mb72 mb-xs-40 text-left\"><div  class=\"widgetsubtitle mb8\">Somos tu mejor opci\u00f3n, tu mejor aliado, tu mejor defensa...<\/div><h5 style=\"color:#1e73be!important;\" class=\"widgettitle mb0\">NUESTRA MISI\u00d3N<\/h5><\/div><\/div>[\/vc_column][vc_column width=\u00bb1\/2&#8243;][\/vc_column][\/vc_row][vc_row tlg_padding=\u00bbpt0 pb0&#8243;][vc_column width=\u00bb1\/2&#8243;][vc_column_text]Somos una firma consolidada en defensa de los intereses de todos nuestros clientes, posicion\u00e1ndonos en el mundo jur\u00eddico\u00a0 como sin\u00f3nimo de honestidad, transparencia, lealtad y amor hacia la profesi\u00f3n. Nuestro compromiso es contribuir con el desarrollo cotidiano del negocio y al fortalecimiento de sus compa\u00f1\u00edas, mediante soluciones legales efectivas.[\/vc_column_text][\/vc_column][vc_column width=\u00bb1\/2&#8243;][vc_column_text]Comprometidos con el bienestar de nuestro personal y la mejora continua de nuestros procesos a trav\u00e9s de un equipo interdisciplinario e id\u00f3neo que mantiene altos niveles de calidad y servicio para prevenir los riesgos y reducir los costos innecesarios de la operaci\u00f3n de nuestros clientes.[\/vc_column_text][\/vc_column][\/vc_row][vc_row][vc_column width=\u00bb1\/4&#8243;]<div id=\"iconbox-69e23e42e3bda\" class=\"\"><div class=\"icon-link\"><a class=\"inherit\" href= \"#\" target=\"_self\" ><div class=\"display-table mb16 mb-xs-24 text-left\">\n\t\t\t\t    \t\t<div class=\"display-cell vertical-top\">\n\t\t\t\t    \t\t\t<i style=\"background-color:#1e73be;border-color:#1e73be;\" class=\"ti-stats-up circle-icon circle-icon-bg inline-block mb16 mr-25 ms-text icon-lg\"><\/i>\n\t\t\t\t    \t\t<\/div>\n\t\t\t\t    \t\t<div class=\"display-cell\">\n\t\t\t\t    \t\t\t<h5  class=\"widgettitle mb0\">HONESTIDAD<\/h5>\n\t\t\t\t    \t\t\t<div  class=\"widgetsubtitle\">Con nuestros clientes<\/div>\n\t\t\t\t    \t\t\t<div  class=\"icon-content\"><\/div>\n\t\t\t\t    \t\t<\/div>\n\t\t\t\t    \t<\/div><\/a><\/div><\/div>[\/vc_column][vc_column width=\u00bb1\/4&#8243;]<div id=\"iconbox-69e23e42e3c08\" class=\"\"><div class=\"icon-link\"><a class=\"inherit\" href= \"#\" target=\"_self\" ><div class=\"display-table mb16 mb-xs-24 text-left\">\n\t\t\t\t    \t\t<div class=\"display-cell vertical-top\">\n\t\t\t\t    \t\t\t<i style=\"background-color:#1e73be;border-color:#1e73be;\" class=\"ti-bookmark-alt circle-icon circle-icon-bg inline-block mb16 mr-25 ms-text icon-lg\"><\/i>\n\t\t\t\t    \t\t<\/div>\n\t\t\t\t    \t\t<div class=\"display-cell\">\n\t\t\t\t    \t\t\t<h5  class=\"widgettitle mb0\">TRANSPARENCIA<\/h5>\n\t\t\t\t    \t\t\t<div  class=\"widgetsubtitle\">En cada proceso legal<\/div>\n\t\t\t\t    \t\t\t<div  class=\"icon-content\"><\/div>\n\t\t\t\t    \t\t<\/div>\n\t\t\t\t    \t<\/div><\/a><\/div><\/div>[\/vc_column][vc_column width=\u00bb1\/4&#8243;]<div id=\"iconbox-69e23e42e3c1d\" class=\"\"><div class=\"icon-link\"><a class=\"inherit\" href= \"#\" target=\"_self\" ><div class=\"display-table mb16 mb-xs-24 text-left\">\n\t\t\t\t    \t\t<div class=\"display-cell vertical-top\">\n\t\t\t\t    \t\t\t<i style=\"background-color:#1e73be;border-color:#1e73be;\" class=\"ti-write circle-icon circle-icon-bg inline-block mb16 mr-25 ms-text icon-lg\"><\/i>\n\t\t\t\t    \t\t<\/div>\n\t\t\t\t    \t\t<div class=\"display-cell\">\n\t\t\t\t    \t\t\t<h5  class=\"widgettitle mb0\">LEALTAD<\/h5>\n\t\t\t\t    \t\t\t<div  class=\"widgetsubtitle\">A nuestros principios<\/div>\n\t\t\t\t    \t\t\t<div  class=\"icon-content\"><\/div>\n\t\t\t\t    \t\t<\/div>\n\t\t\t\t    \t<\/div><\/a><\/div><\/div>[\/vc_column][vc_column width=\u00bb1\/4&#8243;]<div id=\"iconbox-69e23e42e3c2e\" class=\"\"><div class=\"icon-link\"><a class=\"inherit\" href= \"#\" target=\"_self\" ><div class=\"display-table mb16 mb-xs-24 text-left\">\n\t\t\t\t    \t\t<div class=\"display-cell vertical-top\">\n\t\t\t\t    \t\t\t<i style=\"background-color:#1e73be;border-color:#1e73be;\" class=\"ti-ruler-pencil circle-icon circle-icon-bg inline-block mb16 mr-25 ms-text icon-lg\"><\/i>\n\t\t\t\t    \t\t<\/div>\n\t\t\t\t    \t\t<div class=\"display-cell\">\n\t\t\t\t    \t\t\t<h5  class=\"widgettitle mb0\">EL PILAR<\/h5>\n\t\t\t\t    \t\t\t<div  class=\"widgetsubtitle\">Amor a la profesi\u00f3n<\/div>\n\t\t\t\t    \t\t\t<div  class=\"icon-content\"><\/div>\n\t\t\t\t    \t\t<\/div>\n\t\t\t\t    \t<\/div><\/a><\/div><\/div>[\/vc_column][\/vc_row][vc_row full_width=\u00bbstretch_row_content\u00bb tlg_padding=\u00bbpt180 pb180 pt-xs-80 pb-xs-80&#8243; tlg_white_color=\u00bbcolor-white\u00bb css=\u00bb.vc_custom_1555293406915{background-image: url(https:\/\/justiciayderecho.com.co\/wp-content\/uploads\/2019\/04\/014.jpg?id=4146) !important;}\u00bb][vc_column width=\u00bb1\/4&#8243;]<div class=\"text-center \"><i  class=\"fade-color l-text ti-user icon\"><\/i><div class=\"counter mt24 mb32 m-text\"><span class=\"counter-number\">2009<\/span><\/div><div class=\"maintitle uppercase\">Team member<\/div><div class=\"subtitle\">All of the member since 2015<\/div><\/div>[\/vc_column][vc_column width=\u00bb1\/4&#8243;]<div class=\"text-center \"><i  class=\"fade-color l-text ti-alarm-clock icon\"><\/i><div class=\"counter mt24 mb32 m-text\"><span class=\"counter-number\">1106<\/span><\/div><div class=\"maintitle uppercase\">Working days<\/div><div class=\"subtitle\">The working days for this projects<\/div><\/div>[\/vc_column][vc_column width=\u00bb1\/4&#8243;]<div class=\"text-center \"><i  class=\"fade-color l-text ti-cup icon\"><\/i><div class=\"counter mt24 mb32 m-text\"><span class=\"counter-number\">1909<\/span><\/div><div class=\"maintitle uppercase\">Cups of tea<\/div><div class=\"subtitle\">The tea in this project<\/div><\/div>[\/vc_column][vc_column width=\u00bb1\/4&#8243;]<div class=\"text-center \"><i  class=\"fade-color l-text ti-infinite icon\"><\/i><div class=\"counter mt24 mb32 m-text\"><span class=\"counter-number\">2627<\/span><\/div><div class=\"maintitle uppercase\">The distance<\/div><div class=\"subtitle\">The km between 2 members<\/div><\/div>[\/vc_column][\/vc_row][vc_row][vc_column][\/vc_column][\/vc_row]<\/p>\n","protected":false},"excerpt":{"rendered":"<p>[vc_row tlg_padding=\u00bbpb0&#8243;][vc_column width=\u00bb1\/2&#8243;][\/vc_column][vc_column width=\u00bb1\/2&#8243;][\/vc_column][\/vc_row][vc_row tlg_padding=\u00bbpt0 pb0&#8243;][vc_column width=\u00bb1\/2&#8243;][vc_column_text]Somos una firma consolidada en defensa de los intereses de&#8230;<\/p>\n","protected":false},"author":1,"featured_media":3810,"parent":0,"menu_order":0,"comment_status":"closed","ping_status":"closed","template":"","meta":{"om_disable_all_campaigns":false,"_monsterinsights_skip_tracking":false,"_monsterinsights_sitenote_active":false,"_monsterinsights_sitenote_note":"","_monsterinsights_sitenote_category":0,"ngg_post_thumbnail":0,"footnotes":""},"class_list":["post-3753","page","type-page","status-publish","has-post-thumbnail","hentry"],"aioseo_notices":[],"yoast_head":"<!-- This site is optimized with the Yoast SEO plugin v24.7 - https:\/\/yoast.com\/wordpress\/plugins\/seo\/ -->\n<title>..:: Justicia y Derecho ::.. Asesor\u00edas, consultor\u00edas, gesti\u00f3n y asistencia a casos relacionados con especialidades laboral, seguridad social, salud, Responsabilidad M\u00e9dica, temas disciplinarios, contencioso administrativos y Penales (Referente a situaciones de injuria, calumnia, lesiones personales en accidente de tr\u00e1nsito, entre otros), Justicia y Derecho, www.justiciayderecho.com.co https:\/\/www.justiciayderecho.com.co, https:\/\/justiciayderecho.com.co<\/title>\n<meta name=\"description\" content=\"Asesor\u00edas, consultor\u00edas, gesti\u00f3n y asistencia a casos relacionados con especialidades laboral, seguridad social, salud, Responsabilidad M\u00e9dica, temas disciplinarios, contencioso administrativos y Penales (Referente a situaciones de injuria, calumnia, lesiones personales en accidente de tr\u00e1nsito, entre otros), Justicia y Derecho, www.justiciayderecho.com.co https:\/\/www.justiciayderecho.com.co, https:\/\/justiciayderecho.com.co\" \/>\n<meta name=\"robots\" content=\"index, follow, max-snippet:-1, max-image-preview:large, max-video-preview:-1\" \/>\n<link rel=\"canonical\" href=\"https:\/\/justiciayderecho.com.co\/?page_id=3753\" \/>\n<meta property=\"og:locale\" content=\"es_ES\" \/>\n<meta property=\"og:type\" content=\"article\" \/>\n<meta property=\"og:title\" content=\"..:: Justicia y Derecho ::.. Asesor\u00edas, consultor\u00edas, gesti\u00f3n y asistencia a casos relacionados con especialidades laboral, seguridad social, salud, Responsabilidad M\u00e9dica, temas disciplinarios, contencioso administrativos y Penales (Referente a situaciones de injuria, calumnia, lesiones personales en accidente de tr\u00e1nsito, entre otros), Justicia y Derecho, www.justiciayderecho.com.co https:\/\/www.justiciayderecho.com.co, https:\/\/justiciayderecho.com.co\" \/>\n<meta property=\"og:description\" content=\"Asesor\u00edas, consultor\u00edas, gesti\u00f3n y asistencia a casos relacionados con especialidades laboral, seguridad social, salud, Responsabilidad M\u00e9dica, temas disciplinarios, contencioso administrativos y Penales (Referente a situaciones de injuria, calumnia, lesiones personales en accidente de tr\u00e1nsito, entre otros), Justicia y Derecho, www.justiciayderecho.com.co https:\/\/www.justiciayderecho.com.co, https:\/\/justiciayderecho.com.co\" \/>\n<meta property=\"og:url\" content=\"https:\/\/justiciayderecho.com.co\/?page_id=3753\" \/>\n<meta property=\"og:site_name\" content=\"..:: Justicia y Derecho ::..\" \/>\n<meta property=\"article:publisher\" content=\"https:\/\/www.facebook.com\/Justiciayderechoparatodos\/\" \/>\n<meta property=\"article:modified_time\" content=\"2020-01-28T15:59:40+00:00\" \/>\n<meta property=\"og:image\" content=\"https:\/\/justiciayderecho.com.co\/wp-content\/uploads\/2019\/04\/02.jpg\" \/>\n\t<meta property=\"og:image:width\" content=\"1920\" \/>\n\t<meta property=\"og:image:height\" content=\"1080\" \/>\n\t<meta property=\"og:image:type\" content=\"image\/jpeg\" \/>\n<meta name=\"twitter:card\" content=\"summary_large_image\" \/>\n<meta name=\"twitter:site\" content=\"@derechomedico\" \/>\n<meta name=\"twitter:label1\" content=\"Tiempo de lectura\" \/>\n\t<meta name=\"twitter:data1\" content=\"2 minutos\" \/>\n<script type=\"application\/ld+json\" class=\"yoast-schema-graph\">{\"@context\":\"https:\/\/schema.org\",\"@graph\":[{\"@type\":\"WebPage\",\"@id\":\"https:\/\/justiciayderecho.com.co\/?page_id=3753\",\"url\":\"https:\/\/justiciayderecho.com.co\/?page_id=3753\",\"name\":\"..:: Justicia y Derecho ::.. Asesor\u00edas, consultor\u00edas, gesti\u00f3n y asistencia a casos relacionados con especialidades laboral, seguridad social, salud, Responsabilidad M\u00e9dica, temas disciplinarios, contencioso administrativos y Penales (Referente a situaciones de injuria, calumnia, lesiones personales en accidente de tr\u00e1nsito, entre otros), Justicia y Derecho, www.justiciayderecho.com.co https:\/\/www.justiciayderecho.com.co, https:\/\/justiciayderecho.com.co\",\"isPartOf\":{\"@id\":\"https:\/\/justiciayderecho.com.co\/#website\"},\"primaryImageOfPage\":{\"@id\":\"https:\/\/justiciayderecho.com.co\/?page_id=3753#primaryimage\"},\"image\":{\"@id\":\"https:\/\/justiciayderecho.com.co\/?page_id=3753#primaryimage\"},\"thumbnailUrl\":\"https:\/\/justiciayderecho.com.co\/wp-content\/uploads\/2019\/04\/02.jpg\",\"datePublished\":\"2019-04-13T15:13:13+00:00\",\"dateModified\":\"2020-01-28T15:59:40+00:00\",\"description\":\"Asesor\u00edas, consultor\u00edas, gesti\u00f3n y asistencia a casos relacionados con especialidades laboral, seguridad social, salud, Responsabilidad M\u00e9dica, temas disciplinarios, contencioso administrativos y Penales (Referente a situaciones de injuria, calumnia, lesiones personales en accidente de tr\u00e1nsito, entre otros), Justicia y Derecho, www.justiciayderecho.com.co https:\/\/www.justiciayderecho.com.co, https:\/\/justiciayderecho.com.co\",\"breadcrumb\":{\"@id\":\"https:\/\/justiciayderecho.com.co\/?page_id=3753#breadcrumb\"},\"inLanguage\":\"es\",\"potentialAction\":[{\"@type\":\"ReadAction\",\"target\":[\"https:\/\/justiciayderecho.com.co\/?page_id=3753\"]}]},{\"@type\":\"ImageObject\",\"inLanguage\":\"es\",\"@id\":\"https:\/\/justiciayderecho.com.co\/?page_id=3753#primaryimage\",\"url\":\"https:\/\/justiciayderecho.com.co\/wp-content\/uploads\/2019\/04\/02.jpg\",\"contentUrl\":\"https:\/\/justiciayderecho.com.co\/wp-content\/uploads\/2019\/04\/02.jpg\",\"width\":1920,\"height\":1080,\"caption\":\"Asesor\u00edas, consultor\u00edas, gesti\u00f3n y asistencia a casos relacionados con especialidades laboral, seguridad social, salud, Responsabilidad M\u00e9dica, temas disciplinarios, contencioso administrativos y Penales (Referente a situaciones de injuria, calumnia, lesiones personales en accidente de tr\u00e1nsito, entre otros), Justicia y Derecho, www.justiciayderecho.com.co https:\/\/www.justiciayderecho.com.co, https:\/\/justiciayderecho.com.co\"},{\"@type\":\"BreadcrumbList\",\"@id\":\"https:\/\/justiciayderecho.com.co\/?page_id=3753#breadcrumb\",\"itemListElement\":[{\"@type\":\"ListItem\",\"position\":1,\"name\":\"Inicio\",\"item\":\"https:\/\/justiciayderecho.com.co\/\"},{\"@type\":\"ListItem\",\"position\":2,\"name\":\"NUESTRA EMPRESA\"}]},{\"@type\":\"WebSite\",\"@id\":\"https:\/\/justiciayderecho.com.co\/#website\",\"url\":\"https:\/\/justiciayderecho.com.co\/\",\"name\":\"..:: Justicia y Derecho ::..\",\"description\":\"Asesor\u00edas, consultor\u00edas, gesti\u00f3n y asistencia a casos relacionados con especialidades laboral, seguridad social, salud, Responsabilidad M\u00e9dica, temas disciplinarios, contencioso administrativos y Penales (Referente a situaciones de injuria, calumnia, lesiones personales en accidente de tr\u00e1nsito, entre otros), Justicia y Derecho, www.justiciayderecho.com.co https:\/\/www.justiciayderecho.com.co, https:\/\/justiciayderecho.com.co\",\"publisher\":{\"@id\":\"https:\/\/justiciayderecho.com.co\/#organization\"},\"potentialAction\":[{\"@type\":\"SearchAction\",\"target\":{\"@type\":\"EntryPoint\",\"urlTemplate\":\"https:\/\/justiciayderecho.com.co\/?s={search_term_string}\"},\"query-input\":{\"@type\":\"PropertyValueSpecification\",\"valueRequired\":true,\"valueName\":\"search_term_string\"}}],\"inLanguage\":\"es\"},{\"@type\":\"Organization\",\"@id\":\"https:\/\/justiciayderecho.com.co\/#organization\",\"name\":\"Justicia y Derecho\",\"url\":\"https:\/\/justiciayderecho.com.co\/\",\"logo\":{\"@type\":\"ImageObject\",\"inLanguage\":\"es\",\"@id\":\"https:\/\/justiciayderecho.com.co\/#\/schema\/logo\/image\/\",\"url\":\"https:\/\/justiciayderecho.com.co\/wp-content\/uploads\/2019\/04\/f.png\",\"contentUrl\":\"https:\/\/justiciayderecho.com.co\/wp-content\/uploads\/2019\/04\/f.png\",\"width\":1000,\"height\":1000,\"caption\":\"Justicia y Derecho\"},\"image\":{\"@id\":\"https:\/\/justiciayderecho.com.co\/#\/schema\/logo\/image\/\"},\"sameAs\":[\"https:\/\/www.facebook.com\/Justiciayderechoparatodos\/\",\"https:\/\/x.com\/derechomedico\",\"https:\/\/www.instagram.com\/justiciayderecho2018\/?hl=es\",\"https:\/\/www.linkedin.com\/in\/justicia-derecho-78617b185\",\"https:\/\/www.youtube.com\/channel\/UC35GEv2dv8SsoJ5O9XI9owQ\"]}]}<\/script>\n<!-- \/ Yoast SEO plugin. -->","yoast_head_json":{"title":"..:: Justicia y Derecho ::.. Asesor\u00edas, consultor\u00edas, gesti\u00f3n y asistencia a casos relacionados con especialidades laboral, seguridad social, salud, Responsabilidad M\u00e9dica, temas disciplinarios, contencioso administrativos y Penales (Referente a situaciones de injuria, calumnia, lesiones personales en accidente de tr\u00e1nsito, entre otros), Justicia y Derecho, www.justiciayderecho.com.co https:\/\/www.justiciayderecho.com.co, https:\/\/justiciayderecho.com.co","description":"Asesor\u00edas, consultor\u00edas, gesti\u00f3n y asistencia a casos relacionados con especialidades laboral, seguridad social, salud, Responsabilidad M\u00e9dica, temas disciplinarios, contencioso administrativos y Penales (Referente a situaciones de injuria, calumnia, lesiones personales en accidente de tr\u00e1nsito, entre otros), Justicia y Derecho, www.justiciayderecho.com.co https:\/\/www.justiciayderecho.com.co, https:\/\/justiciayderecho.com.co","robots":{"index":"index","follow":"follow","max-snippet":"max-snippet:-1","max-image-preview":"max-image-preview:large","max-video-preview":"max-video-preview:-1"},"canonical":"https:\/\/justiciayderecho.com.co\/?page_id=3753","og_locale":"es_ES","og_type":"article","og_title":"..:: Justicia y Derecho ::.. Asesor\u00edas, consultor\u00edas, gesti\u00f3n y asistencia a casos relacionados con especialidades laboral, seguridad social, salud, Responsabilidad M\u00e9dica, temas disciplinarios, contencioso administrativos y Penales (Referente a situaciones de injuria, calumnia, lesiones personales en accidente de tr\u00e1nsito, entre otros), Justicia y Derecho, www.justiciayderecho.com.co https:\/\/www.justiciayderecho.com.co, https:\/\/justiciayderecho.com.co","og_description":"Asesor\u00edas, consultor\u00edas, gesti\u00f3n y asistencia a casos relacionados con especialidades laboral, seguridad social, salud, Responsabilidad M\u00e9dica, temas disciplinarios, contencioso administrativos y Penales (Referente a situaciones de injuria, calumnia, lesiones personales en accidente de tr\u00e1nsito, entre otros), Justicia y Derecho, www.justiciayderecho.com.co https:\/\/www.justiciayderecho.com.co, https:\/\/justiciayderecho.com.co","og_url":"https:\/\/justiciayderecho.com.co\/?page_id=3753","og_site_name":"..:: Justicia y Derecho ::..","article_publisher":"https:\/\/www.facebook.com\/Justiciayderechoparatodos\/","article_modified_time":"2020-01-28T15:59:40+00:00","og_image":[{"width":1920,"height":1080,"url":"https:\/\/justiciayderecho.com.co\/wp-content\/uploads\/2019\/04\/02.jpg","type":"image\/jpeg"}],"twitter_card":"summary_large_image","twitter_site":"@derechomedico","twitter_misc":{"Tiempo de lectura":"2 minutos"},"schema":{"@context":"https:\/\/schema.org","@graph":[{"@type":"WebPage","@id":"https:\/\/justiciayderecho.com.co\/?page_id=3753","url":"https:\/\/justiciayderecho.com.co\/?page_id=3753","name":"..:: Justicia y Derecho ::.. Asesor\u00edas, consultor\u00edas, gesti\u00f3n y asistencia a casos relacionados con especialidades laboral, seguridad social, salud, Responsabilidad M\u00e9dica, temas disciplinarios, contencioso administrativos y Penales (Referente a situaciones de injuria, calumnia, lesiones personales en accidente de tr\u00e1nsito, entre otros), Justicia y Derecho, www.justiciayderecho.com.co https:\/\/www.justiciayderecho.com.co, https:\/\/justiciayderecho.com.co","isPartOf":{"@id":"https:\/\/justiciayderecho.com.co\/#website"},"primaryImageOfPage":{"@id":"https:\/\/justiciayderecho.com.co\/?page_id=3753#primaryimage"},"image":{"@id":"https:\/\/justiciayderecho.com.co\/?page_id=3753#primaryimage"},"thumbnailUrl":"https:\/\/justiciayderecho.com.co\/wp-content\/uploads\/2019\/04\/02.jpg","datePublished":"2019-04-13T15:13:13+00:00","dateModified":"2020-01-28T15:59:40+00:00","description":"Asesor\u00edas, consultor\u00edas, gesti\u00f3n y asistencia a casos relacionados con especialidades laboral, seguridad social, salud, Responsabilidad M\u00e9dica, temas disciplinarios, contencioso administrativos y Penales (Referente a situaciones de injuria, calumnia, lesiones personales en accidente de tr\u00e1nsito, entre otros), Justicia y Derecho, www.justiciayderecho.com.co https:\/\/www.justiciayderecho.com.co, https:\/\/justiciayderecho.com.co","breadcrumb":{"@id":"https:\/\/justiciayderecho.com.co\/?page_id=3753#breadcrumb"},"inLanguage":"es","potentialAction":[{"@type":"ReadAction","target":["https:\/\/justiciayderecho.com.co\/?page_id=3753"]}]},{"@type":"ImageObject","inLanguage":"es","@id":"https:\/\/justiciayderecho.com.co\/?page_id=3753#primaryimage","url":"https:\/\/justiciayderecho.com.co\/wp-content\/uploads\/2019\/04\/02.jpg","contentUrl":"https:\/\/justiciayderecho.com.co\/wp-content\/uploads\/2019\/04\/02.jpg","width":1920,"height":1080,"caption":"Asesor\u00edas, consultor\u00edas, gesti\u00f3n y asistencia a casos relacionados con especialidades laboral, seguridad social, salud, Responsabilidad M\u00e9dica, temas disciplinarios, contencioso administrativos y Penales (Referente a situaciones de injuria, calumnia, lesiones personales en accidente de tr\u00e1nsito, entre otros), Justicia y Derecho, www.justiciayderecho.com.co https:\/\/www.justiciayderecho.com.co, https:\/\/justiciayderecho.com.co"},{"@type":"BreadcrumbList","@id":"https:\/\/justiciayderecho.com.co\/?page_id=3753#breadcrumb","itemListElement":[{"@type":"ListItem","position":1,"name":"Inicio","item":"https:\/\/justiciayderecho.com.co\/"},{"@type":"ListItem","position":2,"name":"NUESTRA EMPRESA"}]},{"@type":"WebSite","@id":"https:\/\/justiciayderecho.com.co\/#website","url":"https:\/\/justiciayderecho.com.co\/","name":"..:: Justicia y Derecho ::..","description":"Asesor\u00edas, consultor\u00edas, gesti\u00f3n y asistencia a casos relacionados con especialidades laboral, seguridad social, salud, Responsabilidad M\u00e9dica, temas disciplinarios, contencioso administrativos y Penales (Referente a situaciones de injuria, calumnia, lesiones personales en accidente de tr\u00e1nsito, entre otros), Justicia y Derecho, www.justiciayderecho.com.co https:\/\/www.justiciayderecho.com.co, https:\/\/justiciayderecho.com.co","publisher":{"@id":"https:\/\/justiciayderecho.com.co\/#organization"},"potentialAction":[{"@type":"SearchAction","target":{"@type":"EntryPoint","urlTemplate":"https:\/\/justiciayderecho.com.co\/?s={search_term_string}"},"query-input":{"@type":"PropertyValueSpecification","valueRequired":true,"valueName":"search_term_string"}}],"inLanguage":"es"},{"@type":"Organization","@id":"https:\/\/justiciayderecho.com.co\/#organization","name":"Justicia y Derecho","url":"https:\/\/justiciayderecho.com.co\/","logo":{"@type":"ImageObject","inLanguage":"es","@id":"https:\/\/justiciayderecho.com.co\/#\/schema\/logo\/image\/","url":"https:\/\/justiciayderecho.com.co\/wp-content\/uploads\/2019\/04\/f.png","contentUrl":"https:\/\/justiciayderecho.com.co\/wp-content\/uploads\/2019\/04\/f.png","width":1000,"height":1000,"caption":"Justicia y Derecho"},"image":{"@id":"https:\/\/justiciayderecho.com.co\/#\/schema\/logo\/image\/"},"sameAs":["https:\/\/www.facebook.com\/Justiciayderechoparatodos\/","https:\/\/x.com\/derechomedico","https:\/\/www.instagram.com\/justiciayderecho2018\/?hl=es","https:\/\/www.linkedin.com\/in\/justicia-derecho-78617b185","https:\/\/www.youtube.com\/channel\/UC35GEv2dv8SsoJ5O9XI9owQ"]}]}},"_links":{"self":[{"href":"https:\/\/justiciayderecho.com.co\/index.php?rest_route=\/wp\/v2\/pages\/3753","targetHints":{"allow":["GET"]}}],"collection":[{"href":"https:\/\/justiciayderecho.com.co\/index.php?rest_route=\/wp\/v2\/pages"}],"about":[{"href":"https:\/\/justiciayderecho.com.co\/index.php?rest_route=\/wp\/v2\/types\/page"}],"author":[{"embeddable":true,"href":"https:\/\/justiciayderecho.com.co\/index.php?rest_route=\/wp\/v2\/users\/1"}],"replies":[{"embeddable":true,"href":"https:\/\/justiciayderecho.com.co\/index.php?rest_route=%2Fwp%2Fv2%2Fcomments&post=3753"}],"version-history":[{"count":27,"href":"https:\/\/justiciayderecho.com.co\/index.php?rest_route=\/wp\/v2\/pages\/3753\/revisions"}],"predecessor-version":[{"id":8252,"href":"https:\/\/justiciayderecho.com.co\/index.php?rest_route=\/wp\/v2\/pages\/3753\/revisions\/8252"}],"wp:featuredmedia":[{"embeddable":true,"href":"https:\/\/justiciayderecho.com.co\/index.php?rest_route=\/wp\/v2\/media\/3810"}],"wp:attachment":[{"href":"https:\/\/justiciayderecho.com.co\/index.php?rest_route=%2Fwp%2Fv2%2Fmedia&parent=3753"}],"curies":[{"name":"wp","href":"https:\/\/api.w.org\/{rel}","templated":true}]}}